
11, 137
List the prime factors of 4794.
2, 3, 17, 47
List the prime factors of 72209.
163, 443
What are the prime factors of 57467?
57467
What are the prime factors of 344?
2, 43
List the prime factors of 37487.
19, 1973
What are the prime factors of 5157?
3, 191
List the prime factors of 1109.
1109
List the prime factors of 55212.
2, 3, 43, 107
List the prime factors of 128429.
7, 2621
List the prime factors of 49901.
139, 359
List the prime factors of 40105.
5, 13, 617
What are the prime factors of 17392?
2, 1087
What are the prime factors of 21536?
2, 673
What are the prime factors of 22773?
3, 7591
List the prime factors of 1308.
2, 3, 109
What are the prime factors of 894?
2, 3, 149
What are the prime factors of 5606?
2, 2803
List the prime factors of 18014.
2, 9007
What are the prime factors of 17494?
2, 8747
What are the prime factors of 344?
2, 43
What are the prime factors of 70789?
29, 2441
What are the prime factors of 3002?
2, 19, 79
List the prime factors of 53671.
191, 281
List the prime factors of 8572.
2, 2143
List the prime factors of 981.
3, 109
List the prime factors of 1492.
2, 373
What are the prime factors of 3273?
3, 1091
List the prime factors of 638.
2, 11, 29
List the prime factors of 76237.
7, 10891
List the prime factors of 399.
3, 7, 19
What are the prime factors of 907?
907
List the prime factors of 217.
7, 31
What are the prime factors of 531?
3, 59
List the prime factors of 1952.
2, 61
List the prime factors of 444.
2, 3, 37
What are the prime factors of 17129?
7, 2447
What are the prime factors of 80094?
2, 3, 7, 1907
What are the prime factors of 4994?
2, 11, 227
List the prime factors of 3326.
2, 1663
What are the prime factors of 1648?
2, 103
What are the prime factors of 859?
859
List the prime factors of 3933.
3, 19, 23
What are the prime factors of 24853?
29, 857
List the prime factors of 3209.
3209
List the prime factors of 5235.
3, 5, 349
List the prime factors of 6180.
2, 3, 5, 103
What are the prime factors of 594?
2, 3, 11
What are the prime factors of 2407?
29, 83
What are the prime factors of 58823?
59, 997
What are the prime factors of 28711?
28711
List the prime factors of 817.
19, 43
List the prime factors of 12307.
31, 397
What are the prime factors of 2888?
2, 19
List the prime factors of 1171.
1171
List the prime factors of 914.
2, 457
What are the prime factors of 1771?
7, 11, 23
What are the prime factors of 7174?
2, 17, 211
What are the prime factors of 4008?
2, 3, 167
What are the prime factors of 3227?
7, 461
List the prime factors of 72874.
2, 83, 439
List the prime factors of 481.
13, 37
List the prime factors of 1195.
5, 239
What are the prime factors of 408?
2, 3, 17
List the prime factors of 85782.
2, 3, 17, 29
What are the prime factors of 1538?
2, 769
List the prime factors of 20318.
2, 10159
List the prime factors of 690.
2, 3, 5, 23
What are the prime factors of 155923?
41, 3803
What are the prime factors of 22703?
73, 311
List the prime factors of 1258.
2, 17, 37
List the prime factors of 541.
541
What are the prime factors of 1403?
23, 61
List the prime factors of 14742.
2, 3, 7, 13
List the prime factors of 10424.
2, 1303
What are the prime factors of 55574?
2, 37, 751
What are the prime factors of 442?
2, 13, 17
List the prime factors of 730.
2, 5, 73
List the prime factors of 16422.
2, 3, 7, 17, 23
List the prime factors of 2457.
3, 7, 13
What are the prime factors of 913?
11, 83
List the prime factors of 1082.
2, 541
List the prime factors of 1212.
2, 3, 101
List the prime factors of 2012.
2, 503
List the prime factors of 524.
2, 131
List the prime factors of 1800.
2, 3, 5
List the prime factors of 38824.
2, 23, 211
What are the prime factors of 66?
2, 3, 11
What are the prime factors of 17094?
2, 3, 7, 11, 37
List the prime factors of 11643.
3, 3881
List the prime factors of 19798.
2, 19, 521
What are the prime factors of 10101?
3, 7, 13, 37
What are the prime factors of 2583?
3, 7, 41
What are the prime factors of 2465?
5, 17, 29
What are the prime factors of 13068?
2, 3, 11
What are the prime factors of 12510?
2, 3, 5, 139
What are the prime factors of 1105?
5, 13, 17
List the prime factors of 2705.
5, 541
What are the prime factors of 414?
2, 3, 23
List the prime factors of 23262.
2, 3, 3877
List the prime factors of 5252.
2, 13, 101
What are the prime factors of 3134?
2, 1567
List the prime factors of 72863.
7, 1487
List the prime factors of 26268.
2, 3, 11, 199
List the prime factors of 4962.
2, 3, 827
What are the prime factors of 44999?
17, 2647
List the prime factors of 92722.
2, 7, 37, 179
What are the prime factors of 1866?
2, 3, 311
List the prime factors of 58492.
2, 7, 2089
What are the prime factors of 7497?
3, 7, 17
What are the prime factors of 22610?
2, 5, 7, 17, 19
What are the prime factors of 656?
2, 41
List the prime factors of 11581.
37, 313
What are the prime factors of 1060?
2, 5, 53
What are the prime factors of 7405?
5, 1481
List the prime factors of 43.
43
What are the prime factors of 10211?
10211
List the prime factors of 919.
919
List the prime factors of 2555.
5, 7, 73
List the prime factors of 232.
2, 29
What are the prime factors of 2520?
2, 3, 5, 7
List the prime factors of 53.
53
List the prime factors of 696.
2, 3, 29
List the prime factors of 26270.
2, 5, 37, 71
What are the prime factors of 76977?
3, 2851
List the prime factors of 131174.
2, 65587
What are the prime factors of 2185?
5, 19, 23
What are the prime factors of 3401?
19, 179
List the prime factors of 99512.
2, 7, 1777
What are the prime factors of 41563?
89, 467
List the prime factors of 30013.
30013
List the prime factors of 4659.
3, 1553
List the prime factors of 8067.
3, 2689
What are the prime factors of 26707?
17, 1571
List the prime factors of 5825.
5, 233
List the prime factors of 516.
2, 3, 43
List the prime factors of 121466.
2, 60733
What are the prime factors of 39444?
2, 3, 19, 173
What are the prime factors of 68550?
2, 3, 5, 457
List the prime factors of 12501.
3, 463
What are the prime factors of 743?
743
List the prime factors of 89055.
3, 5, 1979
What are the prime factors of 124999?
7, 2551
List the prime factors of 752.
2, 47
What are the prime factors of 2965?
5, 593
What are the prime factors of 31149?
3, 3461
What are the prime factors of 1558?
2, 19, 41
List the prime factors of 10997.
7, 1571
List the prime factors of 75011.
75011
List the prime factors of 2974.
2, 1487
What are the prime factors of 896?
2, 7
What are the prime factors of 707?
7, 101
What are the prime factors of 2920?
2, 5, 73
What are the prime factors of 893?
19, 47
What are the prime factors of 4742?
2, 2371
List the prime factors of 669.
3, 223
List the prime factors of 1170.
2, 3, 5, 13
What are the prime factors of 43051?
43051
List the prime factors of 3171.
3, 7, 151
List the prime factors of 6543.
3, 727
List the prime factors of 764.
2, 191
List the prime factors of 3142.
2, 1571
List the prime factors of 661.
661
What are the prime factors of 8310?
2, 3, 5, 277
What are the prime factors of 1247?
29, 43
List the prime factors of 915.
3, 5, 61
What are the prime factors of 12557?
29, 433
What are the prime factors of 856?
2, 107
What are the prime factors of 18354?
2, 3, 7, 19, 23
What are the prime factors of 209?
11, 19
List the prime factors of 14583.
3, 4861
List the prime factors of 6109.
41, 149
List the prime factors of 16398.
2, 3, 911
What are the prime factors of 6215?
5, 11, 113
List the prime factors of 10884.
2, 3, 907
List the prime factors of 1059.
3, 353
What are the prime factors of 5671?
53, 107
List the prime factors of 31748.
2, 7937
What are the prime factors of 2563?
11, 233
List the prime factors of 1509.
3, 503
List the prime factors of 7281.
3, 809
What are the prime factors of 3765?
3, 5, 251
List the prime factors of 2057.
11, 17
List the prime factors of 979.
11, 89
List the prime factors of 522.
2, 3, 29
What are the prime factors of 1154?
2, 577
List the prime factors of 622.
2, 311
List the prime factors of 13427.
29, 463
List the prime factors of 11093.
11093
List the prime factors of 3314.
2, 1657
What are the prime factors of 12797?
67, 191
List the prime factors of 3611.
23, 157
What are the prime factors of 107885?
5, 21577
What ar